{"id":508,"date":"2019-02-10T19:22:51","date_gmt":"2019-02-10T19:22:51","guid":{"rendered":"http:\/\/vfg.telenec.de\/?page_id=508"},"modified":"2026-03-30T21:18:54","modified_gmt":"2026-03-30T19:18:54","slug":"team-2","status":"publish","type":"page","link":"https:\/\/vfg-neustadt.de\/?page_id=508","title":{"rendered":"Team"},"content":{"rendered":"<h2 style=\"text-align: center;\"><span style=\"font-size: 22pt;\">Die Vorstandschaft und das Team<\/span><\/h2>\n<p>&nbsp;<\/p>\n<p style=\"text-align: center;\"><span style=\"font-size: 20pt;\"><br \/>\n<img loading=\"lazy\" decoding=\"async\" class=\"aligncenter wp-image-1106 size-medium\" src=\"https:\/\/vfg-neustadt.de\/wp-content\/uploads\/2026\/03\/Kerstin-1080x1080-1-300x300.png\" alt=\"\" width=\"400\" height=\"400\" srcset=\"https:\/\/vfg-neustadt.de\/wp-content\/uploads\/2026\/03\/Kerstin-1080x1080-1-300x300.png 300w, https:\/\/vfg-neustadt.de\/wp-content\/uploads\/2026\/03\/Kerstin-1080x1080-1-1024x1024.png 1024w, https:\/\/vfg-neustadt.de\/wp-content\/uploads\/2026\/03\/Kerstin-1080x1080-1-150x150.png 150w, https:\/\/vfg-neustadt.de\/wp-content\/uploads\/2026\/03\/Kerstin-1080x1080-1-768x768.png 768w, https:\/\/vfg-neustadt.de\/wp-content\/uploads\/2026\/03\/Kerstin-1080x1080-1-1536x1536.png 1536w, https:\/\/vfg-neustadt.de\/wp-content\/uploads\/2026\/03\/Kerstin-1080x1080-1-2048x2048.png 2048w\" sizes=\"auto, (max-width: 400px) 100vw, 400px\" \/><\/span><\/p>\n<p style=\"text-align: center;\"><span style=\"font-size: 20pt;\">KERSTIN<\/span><\/p>\n<p style=\"text-align: center;\"><span style=\"font-size: 16pt;\">1.Vorstand<\/span><\/p>\n<p style=\"text-align: center;\"><span style=\"font-size: 16pt;\">Ausbildungsverantwortliche und\u00a0VDH gepr\u00fcfte Ausbilderin, Sachkundig nach Tierschutzgesetz \u00a7 11<\/span><\/p>\n<p style=\"text-align: center;\">Welpenpr\u00e4gekurs, Erziehungskurs, Sitz Platz Bleib, Ger\u00e4te- und Besch\u00e4ftigung<\/p>\n<hr \/>\n<p style=\"text-align: center;\"><span style=\"font-size: 20pt;\"><img loading=\"lazy\" decoding=\"async\" class=\"aligncenter wp-image-1101 size-medium\" src=\"https:\/\/vfg-neustadt.de\/wp-content\/uploads\/2026\/03\/Konny-300x300.png\" alt=\"\" width=\"400\" height=\"400\" srcset=\"https:\/\/vfg-neustadt.de\/wp-content\/uploads\/2026\/03\/Konny-300x300.png 300w, https:\/\/vfg-neustadt.de\/wp-content\/uploads\/2026\/03\/Konny-1024x1024.png 1024w, https:\/\/vfg-neustadt.de\/wp-content\/uploads\/2026\/03\/Konny-150x150.png 150w, https:\/\/vfg-neustadt.de\/wp-content\/uploads\/2026\/03\/Konny-768x768.png 768w, https:\/\/vfg-neustadt.de\/wp-content\/uploads\/2026\/03\/Konny-1536x1536.png 1536w, https:\/\/vfg-neustadt.de\/wp-content\/uploads\/2026\/03\/Konny-2048x2048.png 2048w\" sizes=\"auto, (max-width: 400px) 100vw, 400px\" \/><\/span><\/p>\n<p style=\"text-align: center;\"><span style=\"font-size: 20pt;\">KONNY<\/span><\/p>\n<p style=\"text-align: center;\"><span style=\"font-size: 16pt;\">2.Vorstand<\/span><\/p>\n<p style=\"text-align: center;\"><span style=\"font-size: 16pt;\">Gruppenleiterin<\/span><\/p>\n<p style=\"text-align: center;\">Welpenpr\u00e4gekurs, Erziehungskurs, Sitz Platz Bleib, Ger\u00e4te- und Besch\u00e4ftigung<\/p>\n<hr \/>\n<p style=\"text-align: center;\"><img loading=\"lazy\" decoding=\"async\" class=\"aligncenter wp-image-1110 size-medium\" src=\"https:\/\/vfg-neustadt.de\/wp-content\/uploads\/2026\/03\/Anna-1-300x300.png\" alt=\"\" width=\"400\" height=\"400\" srcset=\"https:\/\/vfg-neustadt.de\/wp-content\/uploads\/2026\/03\/Anna-1-300x300.png 300w, https:\/\/vfg-neustadt.de\/wp-content\/uploads\/2026\/03\/Anna-1-1024x1024.png 1024w, https:\/\/vfg-neustadt.de\/wp-content\/uploads\/2026\/03\/Anna-1-150x150.png 150w, https:\/\/vfg-neustadt.de\/wp-content\/uploads\/2026\/03\/Anna-1-768x768.png 768w, https:\/\/vfg-neustadt.de\/wp-content\/uploads\/2026\/03\/Anna-1-1536x1536.png 1536w, https:\/\/vfg-neustadt.de\/wp-content\/uploads\/2026\/03\/Anna-1-2048x2048.png 2048w\" sizes=\"auto, (max-width: 400px) 100vw, 400px\" \/><\/p>\n<p style=\"text-align: center;\"><span style=\"font-size: 20pt;\">ANNA<\/span><\/p>\n<p style=\"text-align: center;\"><span style=\"font-size: 16pt;\">Schriftf\u00fchrerin<\/span><\/p>\n<p style=\"text-align: center;\"><span style=\"font-size: 16pt;\">Gruppenleiterin<\/span><\/p>\n<p style=\"text-align: center;\">Welpenpr\u00e4gekurs, Erziehungskurs, Sitz Platz Bleib, Ger\u00e4te- und Besch\u00e4ftigung<\/p>\n<hr \/>\n<p style=\"text-align: center;\"><img loading=\"lazy\" decoding=\"async\" class=\"size-medium wp-image-1109 aligncenter\" src=\"https:\/\/vfg-neustadt.de\/wp-content\/uploads\/2026\/03\/Gunter-300x300.png\" alt=\"\" width=\"400\" height=\"400\" srcset=\"https:\/\/vfg-neustadt.de\/wp-content\/uploads\/2026\/03\/Gunter-300x300.png 300w, https:\/\/vfg-neustadt.de\/wp-content\/uploads\/2026\/03\/Gunter-1024x1024.png 1024w, https:\/\/vfg-neustadt.de\/wp-content\/uploads\/2026\/03\/Gunter-150x150.png 150w, https:\/\/vfg-neustadt.de\/wp-content\/uploads\/2026\/03\/Gunter-768x768.png 768w, https:\/\/vfg-neustadt.de\/wp-content\/uploads\/2026\/03\/Gunter-1536x1536.png 1536w, https:\/\/vfg-neustadt.de\/wp-content\/uploads\/2026\/03\/Gunter-2048x2048.png 2048w\" sizes=\"auto, (max-width: 400px) 100vw, 400px\" \/><\/p>\n<p style=\"text-align: center;\"><span style=\"font-size: 20pt;\">GUNTER<\/span><\/p>\n<p style=\"text-align: center;\"><span style=\"font-size: 16pt;\">Kassier &amp; Platzwart<\/span><\/p>\n<hr \/>\n<p style=\"text-align: center;\"><img loading=\"lazy\" decoding=\"async\" class=\"wp-image-1105 alignnone\" src=\"https:\/\/vfg-neustadt.de\/wp-content\/uploads\/2026\/03\/Design-ohne-Titel-240x300.png\" alt=\"\" width=\"400\" height=\"400\" \/><span style=\"font-size: 20pt;\">MARCO<\/span><\/p>\n<p style=\"text-align: center;\"><span style=\"font-size: 16pt;\">Gruppenleiter<\/span><\/p>\n<p style=\"text-align: center;\">Welpenpr\u00e4gekurs, Erziehungskurs, Sitz Platz Bleib, Ger\u00e4te- und Besch\u00e4ftigung<\/p>\n<hr \/>\n<p style=\"text-align: center;\"><img loading=\"lazy\" decoding=\"async\" class=\"size-medium wp-image-1108 aligncenter\" src=\"https:\/\/vfg-neustadt.de\/wp-content\/uploads\/2026\/03\/Jutta-300x300.png\" alt=\"\" width=\"400\" height=\"400\" srcset=\"https:\/\/vfg-neustadt.de\/wp-content\/uploads\/2026\/03\/Jutta-300x300.png 300w, https:\/\/vfg-neustadt.de\/wp-content\/uploads\/2026\/03\/Jutta-1024x1024.png 1024w, https:\/\/vfg-neustadt.de\/wp-content\/uploads\/2026\/03\/Jutta-150x150.png 150w, https:\/\/vfg-neustadt.de\/wp-content\/uploads\/2026\/03\/Jutta-768x768.png 768w, https:\/\/vfg-neustadt.de\/wp-content\/uploads\/2026\/03\/Jutta-1536x1536.png 1536w, https:\/\/vfg-neustadt.de\/wp-content\/uploads\/2026\/03\/Jutta-2048x2048.png 2048w\" sizes=\"auto, (max-width: 400px) 100vw, 400px\" \/><\/p>\n<p style=\"text-align: center;\"><span style=\"font-size: 20pt;\">JUTTA<\/span><\/p>\n<p style=\"text-align: center;\"><span style=\"font-size: 16pt;\">Gruppenleiterin\u00a0<\/span><\/p>\n<p style=\"text-align: center;\"><span style=\"font-size: 16pt;\"> Ger\u00e4te- und Besch\u00e4ftigung<\/span><\/p>\n<hr \/>\n<p style=\"text-align: center;\"><img loading=\"lazy\" decoding=\"async\" class=\"wp-image-1100 aligncenter\" src=\"https:\/\/vfg-neustadt.de\/wp-content\/uploads\/2026\/03\/Platzhalter-Foto-folgt-300x300.png\" alt=\"\" width=\"400\" height=\"400\" srcset=\"https:\/\/vfg-neustadt.de\/wp-content\/uploads\/2026\/03\/Platzhalter-Foto-folgt-300x300.png 300w, https:\/\/vfg-neustadt.de\/wp-content\/uploads\/2026\/03\/Platzhalter-Foto-folgt-1024x1024.png 1024w, https:\/\/vfg-neustadt.de\/wp-content\/uploads\/2026\/03\/Platzhalter-Foto-folgt-150x150.png 150w, https:\/\/vfg-neustadt.de\/wp-content\/uploads\/2026\/03\/Platzhalter-Foto-folgt-768x768.png 768w, https:\/\/vfg-neustadt.de\/wp-content\/uploads\/2026\/03\/Platzhalter-Foto-folgt-1536x1536.png 1536w, https:\/\/vfg-neustadt.de\/wp-content\/uploads\/2026\/03\/Platzhalter-Foto-folgt-2048x2048.png 2048w\" sizes=\"auto, (max-width: 400px) 100vw, 400px\" \/><\/p>\n<p style=\"text-align: center;\"><span style=\"font-size: 20pt;\">SIMONE<\/span><\/p>\n<p style=\"text-align: center;\"><span style=\"font-size: 16pt;\">Gruppenleiterin\u00a0<\/span><\/p>\n<p style=\"text-align: center;\"><span style=\"font-size: 16pt;\"> Ger\u00e4te- und Besch\u00e4ftigung<\/span><\/p>\n<hr \/>\n<p style=\"text-align: center;\"><img loading=\"lazy\" decoding=\"async\" class=\"wp-image-1103 aligncenter\" src=\"https:\/\/vfg-neustadt.de\/wp-content\/uploads\/2026\/03\/Mila-300x300.png\" alt=\"\" width=\"400\" height=\"400\" srcset=\"https:\/\/vfg-neustadt.de\/wp-content\/uploads\/2026\/03\/Mila-300x300.png 300w, https:\/\/vfg-neustadt.de\/wp-content\/uploads\/2026\/03\/Mila-1024x1024.png 1024w, https:\/\/vfg-neustadt.de\/wp-content\/uploads\/2026\/03\/Mila-150x150.png 150w, https:\/\/vfg-neustadt.de\/wp-content\/uploads\/2026\/03\/Mila-768x768.png 768w, https:\/\/vfg-neustadt.de\/wp-content\/uploads\/2026\/03\/Mila-1536x1536.png 1536w, https:\/\/vfg-neustadt.de\/wp-content\/uploads\/2026\/03\/Mila-2048x2048.png 2048w\" sizes=\"auto, (max-width: 400px) 100vw, 400px\" \/><\/p>\n<p style=\"text-align: center;\"><span style=\"font-size: 20pt;\">MILA<\/span><\/p>\n<p style=\"text-align: center;\"><span style=\"font-size: 16pt;\">Junior-Gruppenleiter<\/span><\/p>\n<p style=\"text-align: center;\"><span style=\"font-size: 16pt;\">Welpenpr\u00e4gekurs, Erziehungskurs<\/span><\/p>\n<hr \/>\n<p style=\"text-align: center;\"><img loading=\"lazy\" decoding=\"async\" class=\"wp-image-1102 aligncenter\" src=\"https:\/\/vfg-neustadt.de\/wp-content\/uploads\/2026\/03\/Jenny-300x300.png\" alt=\"\" width=\"400\" height=\"400\" srcset=\"https:\/\/vfg-neustadt.de\/wp-content\/uploads\/2026\/03\/Jenny-300x300.png 300w, https:\/\/vfg-neustadt.de\/wp-content\/uploads\/2026\/03\/Jenny-1024x1024.png 1024w, https:\/\/vfg-neustadt.de\/wp-content\/uploads\/2026\/03\/Jenny-150x150.png 150w, https:\/\/vfg-neustadt.de\/wp-content\/uploads\/2026\/03\/Jenny-768x768.png 768w, https:\/\/vfg-neustadt.de\/wp-content\/uploads\/2026\/03\/Jenny-1536x1536.png 1536w, https:\/\/vfg-neustadt.de\/wp-content\/uploads\/2026\/03\/Jenny-2048x2048.png 2048w\" sizes=\"auto, (max-width: 400px) 100vw, 400px\" \/><\/p>\n<p style=\"text-align: center;\"><span style=\"font-size: 20pt;\">JENNY<\/span><\/p>\n<p style=\"text-align: center;\"><span style=\"font-size: 16pt;\">Jugendwartin<\/span><\/p>\n<p style=\"text-align: center;\"><span style=\"font-size: 16pt;\">Hundeheldenpass<\/span><\/p>\n<hr \/>\n<p style=\"text-align: center;\"><img loading=\"lazy\" decoding=\"async\" class=\"wp-image-1100 aligncenter\" src=\"https:\/\/vfg-neustadt.de\/wp-content\/uploads\/2026\/03\/Platzhalter-Foto-folgt-300x300.png\" alt=\"\" width=\"400\" height=\"400\" srcset=\"https:\/\/vfg-neustadt.de\/wp-content\/uploads\/2026\/03\/Platzhalter-Foto-folgt-300x300.png 300w, https:\/\/vfg-neustadt.de\/wp-content\/uploads\/2026\/03\/Platzhalter-Foto-folgt-1024x1024.png 1024w, https:\/\/vfg-neustadt.de\/wp-content\/uploads\/2026\/03\/Platzhalter-Foto-folgt-150x150.png 150w, https:\/\/vfg-neustadt.de\/wp-content\/uploads\/2026\/03\/Platzhalter-Foto-folgt-768x768.png 768w, https:\/\/vfg-neustadt.de\/wp-content\/uploads\/2026\/03\/Platzhalter-Foto-folgt-1536x1536.png 1536w, https:\/\/vfg-neustadt.de\/wp-content\/uploads\/2026\/03\/Platzhalter-Foto-folgt-2048x2048.png 2048w\" sizes=\"auto, (max-width: 400px) 100vw, 400px\" \/><\/p>\n<p style=\"text-align: center;\"><span style=\"font-size: 20pt;\">MIKE<\/span><\/p>\n<p style=\"text-align: center;\"><span style=\"font-size: 16pt;\">Hundeheldenpass<\/span><\/p>\n<hr \/>\n<p style=\"text-align: center;\"><img loading=\"lazy\" decoding=\"async\" class=\"wp-image-1107 aligncenter\" src=\"https:\/\/vfg-neustadt.de\/wp-content\/uploads\/2026\/03\/Christine-300x300.png\" alt=\"\" width=\"400\" height=\"400\" srcset=\"https:\/\/vfg-neustadt.de\/wp-content\/uploads\/2026\/03\/Christine-300x300.png 300w, https:\/\/vfg-neustadt.de\/wp-content\/uploads\/2026\/03\/Christine-1024x1024.png 1024w, https:\/\/vfg-neustadt.de\/wp-content\/uploads\/2026\/03\/Christine-150x150.png 150w, https:\/\/vfg-neustadt.de\/wp-content\/uploads\/2026\/03\/Christine-768x768.png 768w, https:\/\/vfg-neustadt.de\/wp-content\/uploads\/2026\/03\/Christine-1536x1536.png 1536w, https:\/\/vfg-neustadt.de\/wp-content\/uploads\/2026\/03\/Christine-2048x2048.png 2048w\" sizes=\"auto, (max-width: 400px) 100vw, 400px\" \/><\/p>\n<p style=\"text-align: center;\"><span style=\"font-size: 20pt;\">CHRISTINE<\/span><\/p>\n<p style=\"text-align: center;\"><span style=\"font-size: 16pt;\">K\u00fcchenchefin<\/span><\/p>\n<hr \/>\n<p style=\"text-align: center;\"><img loading=\"lazy\" decoding=\"async\" class=\"wp-image-1100 aligncenter\" src=\"https:\/\/vfg-neustadt.de\/wp-content\/uploads\/2026\/03\/Platzhalter-Foto-folgt-300x300.png\" alt=\"\" width=\"400\" height=\"400\" srcset=\"https:\/\/vfg-neustadt.de\/wp-content\/uploads\/2026\/03\/Platzhalter-Foto-folgt-300x300.png 300w, https:\/\/vfg-neustadt.de\/wp-content\/uploads\/2026\/03\/Platzhalter-Foto-folgt-1024x1024.png 1024w, https:\/\/vfg-neustadt.de\/wp-content\/uploads\/2026\/03\/Platzhalter-Foto-folgt-150x150.png 150w, https:\/\/vfg-neustadt.de\/wp-content\/uploads\/2026\/03\/Platzhalter-Foto-folgt-768x768.png 768w, https:\/\/vfg-neustadt.de\/wp-content\/uploads\/2026\/03\/Platzhalter-Foto-folgt-1536x1536.png 1536w, https:\/\/vfg-neustadt.de\/wp-content\/uploads\/2026\/03\/Platzhalter-Foto-folgt-2048x2048.png 2048w\" sizes=\"auto, (max-width: 400px) 100vw, 400px\" \/><\/p>\n<p style=\"text-align: center;\"><span style=\"font-size: 20pt;\">REGINA\u00a0<\/span><\/p>\n<p style=\"text-align: center;\"><span style=\"font-size: 16pt;\">K\u00fcchenfee<\/span><\/p>\n<hr \/>\n<p style=\"text-align: center;\">\n","protected":false},"excerpt":{"rendered":"<p>Die Vorstandschaft und das Team &nbsp; KERSTIN 1.Vorstand Ausbildungsverantwortliche und\u00a0VDH gepr\u00fcfte Ausbilderin, Sachkundig nach Tierschutzgesetz \u00a7 11 Welpenpr\u00e4gekurs, Erziehungskurs, Sitz Platz Bleib, Ger\u00e4te- und Besch\u00e4ftigung KONNY 2.Vorstand Gruppenleiterin Welpenpr\u00e4gekurs, Erziehungskurs, Sitz Platz Bleib, Ger\u00e4te- und Besch\u00e4ftigung ANNA Schriftf\u00fchrerin Gruppenleiterin Welpenpr\u00e4gekurs, Erziehungskurs, Sitz Platz Bleib, Ger\u00e4te- und Besch\u00e4ftigung GUNTER Kassier &amp; Platzwart MARCO Gruppenleiter Welpenpr\u00e4gekurs, Erziehungskurs, [&hellip;]<\/p>\n","protected":false},"author":4,"featured_media":0,"parent":0,"menu_order":0,"comment_status":"closed","ping_status":"closed","template":"","meta":{"footnotes":""},"class_list":["post-508","page","type-page","status-publish","hentry"],"jetpack_sharing_enabled":true,"_links":{"self":[{"href":"https:\/\/vfg-neustadt.de\/index.php?rest_route=\/wp\/v2\/pages\/508","targetHints":{"allow":["GET"]}}],"collection":[{"href":"https:\/\/vfg-neustadt.de\/index.php?rest_route=\/wp\/v2\/pages"}],"about":[{"href":"https:\/\/vfg-neustadt.de\/index.php?rest_route=\/wp\/v2\/types\/page"}],"author":[{"embeddable":true,"href":"https:\/\/vfg-neustadt.de\/index.php?rest_route=\/wp\/v2\/users\/4"}],"replies":[{"embeddable":true,"href":"https:\/\/vfg-neustadt.de\/index.php?rest_route=%2Fwp%2Fv2%2Fcomments&post=508"}],"version-history":[{"count":40,"href":"https:\/\/vfg-neustadt.de\/index.php?rest_route=\/wp\/v2\/pages\/508\/revisions"}],"predecessor-version":[{"id":1166,"href":"https:\/\/vfg-neustadt.de\/index.php?rest_route=\/wp\/v2\/pages\/508\/revisions\/1166"}],"wp:attachment":[{"href":"https:\/\/vfg-neustadt.de\/index.php?rest_route=%2Fwp%2Fv2%2Fmedia&parent=508"}],"curies":[{"name":"wp","href":"https:\/\/api.w.org\/{rel}","templated":true}]}}